he greatest common divisor of 271652 and 83168.
452
What is the greatest common factor of 135 and 272511?
27
What is the highest common divisor of 6295 and 883174651?
1259
What is the greatest common factor of 163333478 and 1037?
61
Calculate the greatest common divisor of 5507866 and 273.
91
Calculate the highest common divisor of 1936 and 35229150.
242
Calculate the greatest common factor of 216770 and 66250.
530
Calculate the greatest common divisor of 127849675 and 487.
487
What is the greatest common factor of 45490 and 142540?
10
What is the greatest common factor of 2721888 and 242541?
117
What is the highest common divisor of 978 and 105422206?
326
Calculate the highest common divisor of 90990 and 1287340.
3370
What is the greatest common divisor of 240 and 119994600?
120
Calculate the greatest common divisor of 376 and 226766728.
376
Calculate the greatest common factor of 713535 and 75.
15
Calculate the highest common factor of 36 and 662508918.
18
What is the highest common factor of 7907251 and 11?
11
What is the highest common factor of 102239 and 12338633?
5381
Calculate the highest common divisor of 633 and 43066999.
211
Calculate the highest common factor of 4932378 and 654588.
5742
Calculate the greatest common divisor of 158352835 and 7157.
421
What is the highest common factor of 1662334417 and 3998?
1999
Calculate the highest common divisor of 39 and 8367619.
13
What is the greatest common factor of 321508 and 24992?
44
Calculate the greatest common factor of 68908608 and 396.
36
Calculate the greatest common divisor of 23392 and 445842.
34
What is the highest common factor of 824232 and 2709156?
6756
What is the greatest common divisor of 448217040 and 290?
290
What is the greatest common divisor of 2726487 and 513?
27
What is the highest common factor of 1124261 and 1914631?
1613
What is the highest common factor of 216 and 1656234?
54
What is the greatest common factor of 2672680 and 44690?
1090
What is the highest common factor of 33865250 and 1000?
250
Calculate the highest common divisor of 8128 and 453349360.
2032
Calculate the greatest common divisor of 4960 and 2562832.
496
What is the highest common divisor of 13759083 and 1794?
897
Calculate the highest common divisor of 256 and 61296896.
256
Calculate the greatest common factor of 150006150 and 637.
49
What is the highest common divisor of 9330000 and 3920?
80
What is the greatest common divisor of 9580775 and 5?
5
Calculate the greatest common divisor of 649733 and 17684317.
6433
Calculate the highest common factor of 913050 and 14925.
75
What is the greatest common divisor of 1534 and 8701615?
767
Calculate the greatest common divisor of 508 and 9412351.
127
Calculate the highest common factor of 993901208 and 184.
184
What is the greatest common factor of 303182272 and 8?
8
What is the highest common divisor of 6304524 and 24?
12
Calculate the highest common divisor of 12648 and 18483192.
744
What is the highest common divisor of 54 and 3343383?
27
What is the greatest common factor of 380 and 15052579?
19
What is the highest common factor of 14250 and 910860?
570
Calculate the greatest common divisor of 1812 and 117982038.
906
What is the greatest common factor of 13166 and 4031?
29
Calculate the greatest common factor of 402916 and 138646.
766
Calculate the greatest common factor of 426 and 486714.
6
What is the greatest common factor of 317505 and 40?
5
Calculate the greatest common divisor of 214047352 and 16828.
2404
What is the greatest common factor of 812 and 1496864?
116
Calculate the highest common divisor of 989807 and 2912.
91
Calculate the highest common factor of 3108723 and 57.
57
What is the highest common divisor of 118830 and 129540?
510
Calculate the highest common factor of 92846920 and 760.
760
Calculate the highest common factor of 18739 and 575757.
7
What is the greatest common factor of 113581544 and 2452?
2452
What is the greatest common divisor of 614079 and 204267?
213
What is the greatest common divisor of 214338865 and 117?
13
Calculate the greatest common factor of 9934221 and 1815.
363
Calculate the highest common factor of 968383 and 7335.
163
Calculate the greatest common divisor of 21787110 and 811890.
8370
What is the highest common divisor of 226000 and 228584875?
14125
What is the greatest common factor of 501941 and 92279?
11
Calculate the highest common factor of 700805 and 256095.
35
Calculate the highest common divisor of 581 and 143115.
7
What is the greatest common factor of 45016 and 45101?
17
Calculate the highest common factor of 97152 and 2808300.
3036
What is the greatest common factor of 4559068 and 9534?
454
What is the highest common divisor of 218376 and 20088?
648
What is the highest common factor of 364043808 and 96?
96
What is the greatest common factor of 1896 and 1580948?
316
Calculate the highest common factor of 6791489 and 120268.
281
What is the greatest common divisor of 24072 and 354225498?
6018
Calculate the highest common divisor of 1584836 and 451.
11
What is the greatest common divisor of 62930221 and 1979?
1979
What is the highest common factor of 25861470 and 95190?
570
What is the greatest common factor of 409267894 and 406?
406
What is the greatest common factor of 252294597 and 513?
171
What is the highest common factor of 1936287 and 183?
3
Calculate the greatest common divisor of 3747994 and 646358.
2206
Calculate the highest common divisor of 7973 and 328321.
119
Calculate the greatest common divisor of 90942272 and 116288.
5056
What is the highest common divisor of 100 and 3423025?
25
Calculate the greatest common factor of 1763 and 301234995.
1763
Calculate the greatest common factor of 36663137 and 301.
7
What is the highest common factor of 8379548 and 5580?
124
What is the greatest common factor of 9606029 and 30277?
137
What is the greatest common factor of 1873841796 and 408?
204
What is the highest common divisor of 3286060 and 540?
20
What is the highest common divisor of 56914064 and 16?
16
Calculate the greatest common factor of 14652553 and 2945.
589
What is the greatest common factor of 33163923 and 65?
13
What is the greatest common divisor of 182372 and 881704?
1436
Calculate the highest common divisor of 359985 and 2282235.
3495
Calculate the greatest common factor of 71128 and 27880.
136
Calculate the highest common divisor of 42085946 and 322.
14
What is the highest common factor of 69874 and 895528?
1426
What is the highest common factor of 867 and 115914?
3
Calculate the greatest common factor of 4784103 and 324.
81
What is the greatest common divisor of 4545 and 262350?
45
What is the highest common factor of 23454 and 568224?
18
What is the greatest common factor of 392136283 and 1171?
1171
Calculate the greatest common factor of 240 and 858140.
20
Calculate the greatest common factor of 175085 and 52380.
485
Calculate the highest common factor of 564040997 and 2847.
949
Calculate the greatest common divisor of 2087 and 263915759.
2087
What is the greatest common factor of 2046413 and 473?
43
Calculate the greatest common factor of 24610 and 660560.
230
What is the greatest common factor of 13901335 and 5?
5
Calculate the highest common divisor of 4188 and 3707952.
12
What is the greatest common divisor of 328295 and 1980?
55
Calculate the highest common factor of 2011582 and 16678.
538
What is the greatest common factor of 858382 and 18612875?
8759
Calculate the greatest common divisor of 10307728 and 57.
19
Calculate the greatest common factor of 17055333 and 297.
27
What is the greatest common divisor of 1670257 and 10727?
631
What is the highest common factor of 100299339 and 5778?
963
What is the highest common factor of 1391654 and 2618?
374
What is the highest common divisor of 9682 and 1399976?
206
Calculate the highest common factor of 82 and 689941522.
82
What is the greatest common factor of 19257 and 283353?
2751
What is the highest common divisor of 22725 and 144533525?
2525
What is the highest common factor of 3202992 and 12636?
468
Calculate the greatest common factor of 6677 and 4516080.
607
What is the highest common divisor of 9340 and 1349163?
467
What is the highest common factor of 11200 and 46817120?
1120
What is the greatest common divi